{"id":47,"date":"2019-07-19T23:21:26","date_gmt":"2019-07-19T23:21:26","guid":{"rendered":"https:\/\/rutheggel.mur.at\/?page_id=47"},"modified":"2023-10-19T00:26:32","modified_gmt":"2023-10-19T00:26:32","slug":"publications","status":"publish","type":"page","link":"https:\/\/rutheggel.mur.at\/index.php\/publications\/","title":{"rendered":"PUBLICATIONS"},"content":{"rendered":"\n<h2 class=\"wp-block-heading\">Edited Volumes<\/h2>\n\n\n\n<p>2021 &nbsp;&nbsp;&nbsp; <em>Planen. <\/em><em>Hoffen. F\u00fcrchten. Zur Gegenwart der Zukunft im Alltag<\/em>, with Dagmar H\u00e4nel, Ove Sutter et al. (eds.), Waxmann.<\/p>\n\n\n\n<p>2021<em>&nbsp;&nbsp;&nbsp;&nbsp; BONN|ER|LEBEN. Streifz\u00fcge durch Bonn Alltagskultur, <\/em>with Fabio Freiberg (eds.), VDG Weimar.<\/p>\n\n\n\n<p>2021&nbsp;&nbsp;&nbsp;&nbsp; <em><a href=\"https:\/\/www.researchgate.net\/publication\/360458007_Projekt_Mapping_Space_Lendplatz\">Projekt Mapping Space: Lendplatz<\/a><\/em><em>,<\/em> with Robin Klengel, Natascha Posch, Klara Tatzreiter, Cordula Weitgruber (eds.), University of Graz.<\/p>\n\n\n\n<p>2021 &nbsp;&nbsp;&nbsp; <em>Bonndemic. Urbane Kulturen in und nach der Pandemie, <\/em>with Jana Brass, Valeska Flor, Victoria Huska, Michaela Ressing, Jasmin Sina (eds.), University Press Bonn.<\/p>\n\n\n\n<p>2021 &nbsp;&nbsp;&nbsp; <em><a href=\"https:\/\/www.goingdigital.de\/beyond-the-black-mirror\/\">Beyond the Black Mirror. Kulturanalyse digitaler Welten<\/a><\/em><em>.<\/em> Blog, URL: https:\/\/digitaleanthropologie.de\/beyond-the-black-mirror\/<\/p>\n\n\n\n<p>2021&nbsp;&nbsp;&nbsp;&nbsp; <em><a href=\"https:\/\/www.kuckucknotizen.at\/kuckuck\/index.php\/vorschau_autorinnen\" target=\"_blank\" rel=\"noreferrer noopener\">Code. Special issue. Kuckuck. Notizen zur Alltagskultur 1(21), Editorial team with Maurizio Scelsi and Libu\u0161e Hannah Vep\u0159ek, Graz\/M\u00fcnchen.<\/a><\/em><\/p>\n\n\n\n<p>2018&nbsp;&nbsp;&nbsp;&nbsp; <em><a href=\"https:\/\/www.kuckucknotizen.at\/kuckuck\/index.php\/vorschau_autorinnen\" target=\"_blank\" rel=\"noreferrer noopener\">Lust. Special issue. Kuckuck. Notizen zur Alltagskultur 1(18), Editorial team with Mateja Marsel and Libu\u0161e Hannah Vep\u0159ek, Graz\/M\u00fcnchen.<\/a><\/em><\/p>\n\n\n\n<p>2016&nbsp;&nbsp;&nbsp;&nbsp; <em><a href=\"https:\/\/www.kuckucknotizen.at\/kuckuck\/index.php\/vorschau_autorinnen\" target=\"_blank\" rel=\"noreferrer noopener\">Pathologien. Special issue. Kuckuck. Notizen zur Alltagskultur 1(16), Editorial team with Barbara Frischling and Elisabeth Luggauer, Graz\/M\u00fcnchen.<\/a><\/em><\/p>\n\n\n\n<p>Since&nbsp;&nbsp;&nbsp;&nbsp; <em>Kuckuck. Notizen zur Alltagskultur,<\/em> Journal editor with Barbara Frischling, Johannes Moser,<br>2016 &nbsp;&nbsp;&nbsp; Johanna Rolshoven (eds.), URL: www.kuckucknotizen.at<\/p>\n\n\n\n<p>2013&nbsp;&nbsp;&nbsp;&nbsp; <em>B\u00f6hmerwald \u2013 Sumava. <\/em><em>Ethnographische Essay, <\/em>with Katharina Eisch-Angus et al. (eds.), Graz.<\/p>\n\n\n\n<h2 class=\"wp-block-heading\">Articles<\/h2>\n\n\n\n<p>2023 &nbsp;&nbsp;&nbsp; <em>Multi-pr\u00e4sentes Ethnografieren. Ethnografische Anwesenheit in mehr-als-digitalen Feldern. <\/em>In: Martina Klausner, Dennis Eckhart (eds.): Digital[it\u00e4t] Ethnografieren. Forschungsmethoden f\u00fcr den digitalen Alltag. Kulturanthropologie Notizen 85\/2023. pp. 96-110. Online: <a href=\"https:\/\/ka-notizen.de\/index.php\/ka-notizen\/article\/view\/18\/20\">https:\/\/ka-notizen.de\/index.php\/ka-notizen\/article\/view\/18\/20<\/a><\/p>\n\n\n\n<p>2022&nbsp;&nbsp;&nbsp;&nbsp; <em>Pandemiebew\u00e4ltigung zwischen kreativ-sch\u00f6pferischen Praktiken und ersch\u00f6pften M\u00f6glich-keiten. <\/em>With Jana Brass, Valeska Flor, Victoria Huska, Michaela Ressing, Jasmin Sina. In: Kuckuck. Notizen zur Alltagskultur. Issue \u201eErsch\u00f6pfung\u201c 1\/2022, Graz\/M\u00fcnchen.<\/p>\n\n\n\n<p>2021 &nbsp;&nbsp;&nbsp; <em><a href=\"https:\/\/asw-verlage.de\/katalog\/bonn_er_leben-2281.html\">BonnErLeben<\/a><\/em><em> \u2013 Einleitung<\/em>. With Fabio Freiberg. In: Idem. (eds.): BONN|ER|LEBEN. Streifz\u00fcge durch Bonner Alltagskultur, VDG Weimar. pp. 7-20. Online: https:\/\/asw-verlage.de\/katalog\/bonn_er_leben-2281.html<\/p>\n\n\n\n<p>2021 &nbsp;&nbsp;&nbsp; <em><a href=\"https:\/\/www.researchgate.net\/publication\/360458007_Projekt_Mapping_Space_Lendplatz\">Projekt Mapping Space Lendplatz<\/a> \u2013 Einleitung, with <\/em>Robin Klengel. In: Idem et al. (eds.): <a href=\"https:\/\/www.researchgate.net\/publication\/360458007_Projekt_Mapping_Space_Lendplatz\">Projekt Mapping Space: Lendplatz<\/a><strong>, <\/strong>Graz. pp. 9-24. Online: <a href=\"https:\/\/www.researchgate.net\/publication\/360458007_Projekt_Mapping_Space_Lendplatz\">https:\/\/www.researchgate.net\/publication\/360458007_Projekt_Mapping_Space_Lendplatz<\/a><\/p>\n\n\n\n<p>2021 &nbsp;&nbsp;&nbsp; <em>Forschungsprojekt \u201eBonndemic\u201c \u2013 Urbane Kulturen in der Pandemie. <\/em>With Jana Brass, Valeska Flor, Victoria Huszka, Michaela Ressing, Jasmin Sina. In: Rheinisch-westf\u00e4lischen Zeitschrift f\u00fcr Volkskunde 66\/2021, pp. 430-441.<\/p>\n\n\n\n<p>2021 &nbsp;&nbsp;&nbsp; <em>Approaching code as process: Prototyping ethnographic methodologies. <\/em>With Rebecca Carlson, Lina Franken, Sarah Thanner, Libu\u0161e Hannah Vep\u0159ek. In: Kuckuck. Notizen zur Alltagskultur, issue \u201eCode\u201c 1\/2021, Graz\/M\u00fcnchen, pp. 13-17. Online: <a href=\"https:\/\/www.kuckucknotizen.at\/kuckuck\/index.php\/1-21-code\/216-1-21-code-leseprobe\">https:\/\/www.kuckucknotizen.at\/kuckuck\/index.php\/1-21-code\/216-1-21-code-leseprobe<\/a><\/p>\n\n\n\n<p>2021 &nbsp;&nbsp;&nbsp; <em>Becoming a Gamer: Zwischen Teilhabe und Konsum, Kommodifizierung und Agency<\/em>, In:&nbsp; Johannes Moser, Gertraud Koch, Lara Hansen (eds.): Welt.Wissen.Gestalten, Hamburger Journal f\u00fcr Kulturanthropologie HJK (13), pp. 621-630. Online: <a href=\"https:\/\/www.researchgate.net\/publication\/360458169_Becoming_a_Gamer_Zwischen_Teilhabe_und_Konsum_Kommodifizierung_und_Agency\">https:\/\/www.researchgate.net\/publication\/360458169_Becoming_a_Gamer_Zwischen_Teilhabe_und_Konsum_Kommodifizierung_und_Agency<\/a><\/p>\n\n\n\n<p>2019&nbsp;&nbsp;&nbsp;&nbsp; <em>Mapping Cyber-Spaces. Potentiale und Herausforderungen der Anwendung von Mental Maps als Methode in digitalen online R\u00e4umen<\/em>. In: Jens Klingner, Merve L\u00fchr (eds.) Forschungsdesign 4.0. Datengenerierung und Wissenstransfer in interdisziplin\u00e4rer Perspektive, Dresden: ISGV digital, pp. 80-93. Original publication: <a href=\"https:\/\/nbn-resolving.org\/urn:nbn:de:bsz:14-qucosa2-359184\">https:\/\/nbn-resolving.org\/urn:nbn:de:bsz:14-qucosa2-359184<\/a>.<\/p>\n\n\n\n<p>2018 &nbsp;&nbsp;&nbsp; <em><a href=\"http:\/\/www.kuckucknotizen.at\/kuckuck\/index.php\/1-18-lust\/169-1-18-lust-leseprobe\">I care \u2013 I love it. Lustvolle Emojipraktiken als Teil neoliberaler Subjektwerdung<\/a>, <\/em>with Barbara Frischling. In: Kuckuck. Notizen zur Alltagskultur 1\/2018, pp. 12-17. Online: <a href=\"https:\/\/www.kuckucknotizen.at\/kuckuck\/index.php\/1-18-lust\/169-1-18-lust-leseprobe\">https:\/\/www.kuckucknotizen.at\/kuckuck\/index.php\/1-18-lust\/169-1-18-lust-leseprobe<\/a><\/p>\n\n\n\n<p>2015&nbsp;&nbsp;&nbsp;&nbsp; <em>Graz \u2013 Offene Stadt. Ordnungspolitiken und M\u00f6glichkeitsr\u00e4ume, <\/em>with Dienesch, Sibylle; Klengel, Robin; Kury, Astrid; Luggauer Elisabeth; Rolshoven, Johanna. In: Behr, Martin; Dienesch, Sibylle; Kury, Astrid; Rolshoven Johanna (eds.): Offene Stadt. Konzepte f\u00fcr urbane Zwischenr\u00e4ume. Graz 2015, pp. 6-25.<\/p>\n\n\n\n<p>2014&nbsp;&nbsp;&nbsp;&nbsp; <em>Schwellenw\u00e4chter: T\u00fcrsteher. Eine kleine Ethnographie im Grazer Nachtleben. <\/em>In: Kuckuck. Notizen zur Alltagskultur, issue: Figuren 2\/2014, pp. 26-31.<\/p>\n\n\n\n<p>2014&nbsp;&nbsp;&nbsp;&nbsp; <em>Am Rande des Zentrums. Das Billa-Eck als Nische einer offenen Stadt.<\/em> In: Johanna Rolshoven; Robin Klengel (eds.): Open City. 2014, Graz: Institut f\u00fcr Volkskunde und Kulturanthropologie, pp. 39-60.<\/p>\n\n\n\n<p>2013&nbsp;&nbsp;&nbsp;&nbsp; <em>Ungleichzeitigkeiten.<\/em> In: Katharina Eisch-Angus, Ruth Eggel et al. (eds.) B\u00f6hmerwald \u2013 Sumava. Ethnographisches Essay. Graz 2013, pp. 131-141.<\/p>\n\n\n\n<h2 class=\"wp-block-heading\">Podcasts &amp; Radio<\/h2>\n\n\n\n<p>2022&nbsp;&nbsp;&nbsp;&nbsp; <em><a href=\"https:\/\/videoportal.uni-freiburg.de\/audio\/Feinfuehlig-Gaming-Events-Emojis-und-der-digitale-Raum\/9425619f01373c1a8d68a9da111b3e61\" target=\"_blank\" rel=\"noreferrer noopener\">Gaming Events, Emojis und der digitale Raum, in: Feinf\u00fchlig \u2013 Der Podcast zur digitalen Kulturforschung<\/a><\/em>, mit Ruth Weiand, Podcast Episode, online: https:\/\/videoportal.uni-freiburg.de\/audio\/Feinfuehlig-Gaming-Events-Emojis-und-der-digitale-Raum\/9425619f01373c1a8d68a9da111b3e61<\/p>\n\n\n\n<p>2019&nbsp;&nbsp;&nbsp;&nbsp; <em>Gebaut, Gelebt, Gedacht. Ein kulturanthropologischer Speedrun durch die Raumtheorie.<\/em> In: \u00bbWohin geht die Reise?\u00ab Eine Geburtstagsgabe f\u00fcr Johanna Rolshoven 2019, Podcast with Robin Klengel. Online unter: www.geruchderzeit.org\/klengel-eggel<\/p>\n\n\n\n<p>2015 &nbsp;&nbsp;&nbsp; <em>Short Radio Night&#8217; of Cultural Anthropology<\/em>, All night Radio Show 25-26.6.2015, ESC medien kunst labor, Graz, Austria.<\/p>\n\n\n\n<p>2013 &#8211;&nbsp; <em>Das Wilde Denken. Kulturanthropologische Gespr\u00e4che<\/em>, biweekly radio broadcast, with Robin<\/p>\n\n\n\n<p>2017&nbsp;&nbsp;&nbsp;&nbsp; Klengel,&nbsp; Radio Helsinki, Graz, Austria<\/p>\n\n\n\n<h2 class=\"wp-block-heading\">Exhibitions<\/h2>\n\n\n\n<p>2021&nbsp;&nbsp;&nbsp;&nbsp; <em>BONN|ER|LEBEN. Streifz\u00fcge durch Bonner Alltagskultur<\/em>, Public presentations &amp; walks, 14.11.2021, studio-bnx, Stadtmuseum Bonn, Germany.<\/p>\n\n\n\n<p>2014 &nbsp;&nbsp;&nbsp; <em>Graz &#8211; Open City<\/em>, Exhibition, 02.10.2014 &#8211; 23.03.2015, part of the curatorial team of the exhibition, Graz Museum., Austria<\/p>\n\n\n\n<p>2014 &nbsp;&nbsp;&nbsp; <em>\u00dcberG\u00e4nge. Exkursionen in eine vorgestellte Stadt<\/em>, Exhibition &amp; Performances, 9.5. -4.5.2014, ESC medien kunst labor Graz, Austria. 2015 &nbsp;&nbsp;&nbsp; <em>Der volkskundliche Blick auf die Steiermark.<\/em> Viktor Geramb&#8217;s photo collection in the Austrian National Library. Exhibition, 14.05. &#8211; 31.10.2015, Volkskundemuseum Graz, Austria<\/p>\n","protected":false},"excerpt":{"rendered":"<p>2023 \u00a0\u00a0\u00a0 Multi-pr\u00e4sentes Ethnografieren. Ethnografische Anwesenheit in mehr-als-digitalen Feldern. In: Martina Klausner, Dennis Eckhart (eds.): Digital[it\u00e4t] Ethnografieren. Forschungsmethoden f\u00fcr den digitalen Alltag. Kulturanthropologie Notizen 85\/2023. <\/p>\n","protected":false},"author":1,"featured_media":181,"parent":0,"menu_order":0,"comment_status":"closed","ping_status":"closed","template":"","meta":{"footnotes":""},"class_list":["post-47","page","type-page","status-publish","has-post-thumbnail","hentry"],"_links":{"self":[{"href":"https:\/\/rutheggel.mur.at\/index.php\/wp-json\/wp\/v2\/pages\/47","targetHints":{"allow":["GET"]}}],"collection":[{"href":"https:\/\/rutheggel.mur.at\/index.php\/wp-json\/wp\/v2\/pages"}],"about":[{"href":"https:\/\/rutheggel.mur.at\/index.php\/wp-json\/wp\/v2\/types\/page"}],"author":[{"embeddable":true,"href":"https:\/\/rutheggel.mur.at\/index.php\/wp-json\/wp\/v2\/users\/1"}],"replies":[{"embeddable":true,"href":"https:\/\/rutheggel.mur.at\/index.php\/wp-json\/wp\/v2\/comments?post=47"}],"version-history":[{"count":13,"href":"https:\/\/rutheggel.mur.at\/index.php\/wp-json\/wp\/v2\/pages\/47\/revisions"}],"predecessor-version":[{"id":480,"href":"https:\/\/rutheggel.mur.at\/index.php\/wp-json\/wp\/v2\/pages\/47\/revisions\/480"}],"wp:featuredmedia":[{"embeddable":true,"href":"https:\/\/rutheggel.mur.at\/index.php\/wp-json\/wp\/v2\/media\/181"}],"wp:attachment":[{"href":"https:\/\/rutheggel.mur.at\/index.php\/wp-json\/wp\/v2\/media?parent=47"}],"curies":[{"name":"wp","href":"https:\/\/api.w.org\/{rel}","templated":true}]}}